**2 - 93*r - 4984. What is a(-38)?
-6
Let p(w) = -3*w**2 + 89*w - 565. What is p(9)?
-7
Let u(k) = k**3 + 68*k**2 - 607*k - 2. Give u(8).
6
Let c(w) = -2*w**2 - 9*w - 7. Give c(-6).
-25
Let d(s) = 2*s**2 - 18*s - 16. What is d(4)?
-56
Let h(d) = 4*d**2 - 63*d + 8. Calculate h(13).
-135
Let r(s) = -19*s**3 + 3*s**2 + 20*s + 18. Calculate r(-1).
20
Let r(m) = -m**2 - 59*m + 175. Calculate r(3).
-11
Let s(g) = -44*g - 96. Determine s(-4).
80
Let f(x) = 23*x**2 - 11*x + 6. Calculate f(5).
526
Let k(w) = 155*w + 182. Calculate k(-3).
-283
Let z(t) = 766*t - 3699. What is z(5)?
131
Let t(i) = -i**3 + 12*i**2 - 19*i - 51. Give t(8).
53
Let i(y) = -y**2 + 27*y - 50. Give i(13).
132
Let p(o) = -4*o**3 + 34*o**2 - o - 2. Give p(7).
285
Let d(m) = -2*m**3 + 13*m**2 + 23*m + 36. Determine d(-3).
138
Let u(z) = 6*z**3 + 35*z**2 + 23*z - 40. Calculate u(-5).
-30
Let g(j) = 36*j + 135. Give g(-15).
-405
Let j(v) = 33*v - 110. Give j(-9).
-407
Let o(g) = -78*g + 16149. Give o(208).
-75
Let d(j) = j**3 - 47*j**2 - 37*j - 527. Determine d(48).
1
Let x(i) = -2*i**3 - 79*i**2 - 45*i - 232. What is x(-39)?
2
Let q(s) = -s**3 - 38*s**2 + 70*s - 408. Calculate q(-40).
-8
Let q(c) = 2*c + 49. Give q(3).
55
Let f(c) = -c**2 + 26*c + 11. Determine f(0).
11
Let w(k) = 7*k**3 - 483*k**2 + 4*k - 293. What is w(69)?
-17
Let y(r) = -204*r - 1060. Calculate y(-5).
-40
Let u(s) = -17*s**2 - 170*s + 207. Determine u(-11).
20
Let m(x) = 20*x**2 - 19*x + 37. Determine m(2).
79
Let u(f) = f**3 - 4*f**2 + f + 22. Give u(-3).
-44
Let v(g) = -85*g**2 - 7*g + 7. Give v(1).
-85
Let b(w) = w**3 - 66*w**2 - 25*w + 1652. Give b(66).
2
Let m(c) = -c**2 - 458*c + 9. Determine m(0).
9
Let v(f) = 98*f + 510. Determine v(-5).
20
Let p(m) = m**2 - 1063*m + 232091. What is p(307)?
-1
Let p(j) = j**3 + 11*j**2 + 19*j - 59. What is p(-7)?
4
Let d(i) = -4*i**2 + 40*i - 224. Calculate d(5).
-124
Let t(x) = 6*x - 402. Give t(-34).
-606
Let s(c) = -15*c**2 + 722*c - 87. Determine s(48).
9
Let s(g) = -g**2 - 134*g + 692. What is s(5)?
-3
Let q(c) = 2*c**3 - 37*c**2 + 34*c + 288. What is q(17)?
-1
Let r(n) = 41*n + 1658. Give r(-41).
-23
Let u(q) = 2*q**3 - 29*q**2 + 98*q + 10. What is u(6)?
-14
Let f(s) = -2*s**3 + 6*s**2 + 9*s - 20. Determine f(5).
-75
Let m(y) = 2*y**2 + 21*y + 117. Determine m(-11).
128
Let d(q) = 83*q - 519. Give d(6).
-21
Let p(s) = 2*s**2 - 85*s - 9. What is p(0)?
-9
Let p(r) = -16*r**2 - 91*r + 2950. Give p(11).
13
Let u(p) = 26*p + 2364. What is u(-92)?
-28
Let r(q) = -111*q + 70. Give r(1).
-41
Let q(w) = -w**2 + 88*w + 87. Give q(-1).
-2
Let x(d) = -d**2 + 14*d + 2. Determine x(19).
-93
Let g(c) = -93*c**2 - 13*c + 13. What is g(1)?
-93
Let t(u) = -3*u**3 - 47*u**2 - 11*u + 292. Determine t(-15).
7
Let d(t) = 83*t**2 - 1159*t - 39. Determine d(14).
3
Let l(z) = 67*z + 1547. What is l(-23)?
6
Let u(h) = h - 71. What is u(77)?
6
Let r(i) = i**3 - 131*i**2 + 122*i + 1042. Determine r(130).
2
Let n(g) = -113*g - 78. What is n(-4)?
374
Let q(b) = 86*b + 33. What is q(-1)?
-53
Let c(m) = -47*m**2 - 13*m - 11. Give c(-1).
-45
Let u(a) = 25*a**2 - 372*a + 20. Determine u(15).
65
Let m(q) = -4*q**3 + 49*q**2 - 66*q + 665. Calculate m(12).
17
Let y(p) = 78*p + 3468. What is y(-43)?
114
Let f(k) = k**3 - 4*k**2 - 25*k. Calculate f(5).
-100
Let y(o) = -3*o**2 - 59*o - 244. What is y(-13)?
16
Let q(z) = z**3 - 16*z**2 + 7*z + 126. Give q(15).
6
Let h(f) = -3*f**2 - 40*f - 133. Determine h(-6).
-1
Let h(n) = 3*n**2 - 8*n - 16. What is h(7)?
75
Let x(q) = 23*q + 355. Calculate x(-16).
-13
Let v(g) = g**3 + 11*g**2 - 198*g - 2015. Give v(-10).
65
Let a(g) = 9161*g - 128259. Determine a(14).
-5
Let t(q) = -103*q**2 + 6907*q - 399. Determine t(67).
3
Let q(t) = -3*t**2 - 11*t - 46. Calculate q(-8).
-150
Let c(d) = -d**3 + 7*d**2 - 465*d + 3279. Give c(7).
24
Let d(i) = -8*i + 290. What is d(-12)?
386
Let y(f) = -f**2 + 172*f - 7374. Determine y(81).
-3
Let c(d) = -6*d**2 + 21*d - 6. Give c(6).
-96
Let r(c) = 2*c**3 + 20*c**2 + 11*c - 97. Give r(-9).
-34
Let q(x) = -10*x**2 - 1180*x - 8. Calculate q(-118).
-8
Let s(o) = 48*o + 622. Determine s(-13).
-2
Let o(q) = -64*q + 1. Give o(-1).
65
Let a(d) = d**3 - 39*d**2 + 40*d - 70. Calculate a(38).
6
Let c(l) = l**3 - 6*l**2 + 24*l - 86. What is c(5)?
9
Let h(n) = n**3 + 2*n**2 + 48*n + 198. Determine h(-4).
-26
Let k(p) = 3*p**3 - 11*p**2 - 36*p - 44. Determine k(6).
-8
Let n(o) = 27*o - 1241. What is n(46)?
1
Let s(z) = 273*z - 1054. Determine s(4).
38
Let n(j) = -4*j**2 + 588*j + 13. Determine n(147).
13
Let o(h) = -2*h**3 + 136*h**2 - 133*h - 63. Calculate o(67).
4
Let h(s) = 18*s - 231. Give h(15).
39
Let x(l) = 143*l - 569. Determine x(4).
3
Let v(s) = 30*s + 66. Give v(-4).
-54
Let u(r) = 1731*r + 1726. Give u(-1).
-5
Let s(i) = -i**3 + 294*i**2 + 60*i - 17633. What is s(294)?
7
Let b(h) = -2*h**2 - 638*h + 12154. Calculate b(18).
22
Let j(k) = -3*k**2 - 1352*k - 5354. Calculate j(-4).
6
Let r(v) = 5*v + 151. Determine r(-11).
96
Let y(c) = c**3 + 24*c**2 + 133*c - 25. What is y(-15)?
5
Let j(l) = l**2 + 42*l + 311. Give j(-24).
-121
Let o(a) = a**2 + 26*a + 42. Calculate o(0).
42
Let m(x) = -2*x**3 - 28*x**2 + 19*x - 152. Give m(-15).
13
Let k(h) = 38*h**2 + 91*h - 244. Calculate k(-4).
0
Let u(i) = 956*i - 239946. Determine u(251).
10
Let t(v) = -3*v - 112. Calculate t(-23).
-43
Let p(w) = -2*w**3 + 53*w**2 - 17*w - 224. What is p(26)?
10
Let b(p) = 2*p**2 - 2*p + 69. Determine b(-6).
153
Let u(b) = -305*b - 1372. What is u(-7)?
763
Let n(x) = -112*x**3 - x**2 + 3*x - 2. Determine n(1).
-112
Let y(j) = -44*j**3 - 311*j**2 - 19*j + 18. Give y(-7).
4
Let q(l) = -9*l**3 + 138*l**2 - 43*l + 31. Determine q(15).
61
Let m(n) = -458*n + 9155. What is m(20)?
-5
Let l(y) = -6*y**2 + 276*y + 1154. Determine l(-4).
-46
Let m(o) = -11*o**3 - 5*o**2 + 6*o - 4. Give m(2).
-100
Let n(s) = -s**3 + 13*s**2 + 54*s + 268. What is n(17)?
30
Let c(s) = s**3 + 23*s**2 - 418*s - 10. Determine c(12).
14
Let t(a) = 53*a + 429. What is t(-8)?
5
Let t(f) = -f**3 + 3*f**2 + 6*f - 1. What is t(7)?
-155
Let i(p) = 2*p**2 + 25*p - 3001. Determine i(33).
2
Let t(c) = -c**3 - 65*c**2 + 285*c - 41. Calculate t(4).
-5
Let s(h) = h**2 - 22*h + 159. Determine s(23).
182
Let w(g) = g**3 - 4*g**2 - 135*g - 17. Determine w(13).
-251
Let z(x) = 943*x + 36772. What is z(-39)?
-5
Let j(d) = -8*d**2 + 361*d + 3395. What is j(-8)?
-5
Let i(c) = -41*c - 297. Give i(8).
-625
Let y(c) = 197*c**3 + c**2 + 4*c + 3. Determine y(-1).
-197
Let k(l) = -19*l**2 - 245*l - 25. Determine k(-13).
-51
Let p(a) = 428*a + 2120. Determine p(-5).
-20
Let c(g) = 11*g**2 - 179*g + 1. Determine c(17).
137
Let r(b) = -14147*b + 56584. What is r(4)?
-4
Let a(s) = -s**2 + 46*s - 251. Calculate a(14).
197
Let x(m) = -m**3 - 15*m**2 - 12*m - 20. Determine x(-13).
-202
Let y(d) = d**2 - 22*d + 62. What is y(4)?
-10
Let c(v) = 60*v + 1063. Calculate c(-19).
-77
Let k(s) = -4*s**2 - 36*s - 43. What is k(-12)?
-187
Let c(f) = -f**2 + 440*f - 20518. Determine c(387).
-7
Let w(u) = -2*u**3 + 17*u**2 - 41*u + 16. What is w(4)?
-4
Let h(s) = 19*s**3 + 2203*s**2 - 116*s - 50. Determine h(-116).
-50
Let u(j) = -28*j + 49. Calculate u(2).
-7
Let s(v) = 52*v + 1837. Give s(-33).
121
Let p(i) = -i**2 - 35*i - 218. Give p(-14).
76
Let x(k) = k**3 + 20*k**2 + 75*k + 705. Give x(-18).
3
Let u(r) = -5910*r + 5916. What is u(1)?
6
Let w(o) = 56*o - 285. What is w(11)?
331
Let l(v) = -2*v**2 - 80*v - 15. Give l(-40).
-15
Let h(s) = -749*s - 759. Determine h(-1).
-10
Let t(q) = -2*q**2 + 147*q - 1027. What is t(8)?
21
Let i(h) = 41*h**3 + 2*h**2 - 3. Calculate i(2).
333
Let a(j) = -55*j**3 - 27*j**2 + 18*j - 2. Determine a(-1).
8
Let r(i) = -14*i**3 + 2*i**2 + 13*i - 35. Determine r(2).
-113
Let g(b) = -4*b - 133. Give g(-7).
-105
Let i(p) = 3*p**3 + 13*p**2 - p - 21. Determine i(-4).
-1
Let m(u) = -12*u**2 - 5*u - 19. Calculate m(4).
-231
Let i(g) = -32*g + 1614. What is i(51)?
-18
Let l(m) = -10*m**2 + 70*m + 2. What is l(7)?
2
Let t(c) = c**3 - 15*c**2 + 33*c + 133. What is t(11)?
12
Let a(x) = x**2 + 10*x - 222. What is a(11)?
9
Let u(x) = -x**3 - 71*x**2 + 296*x - 303. Give u(-75).
-3
Let y(t) = t**2 + 404*t + 6597. Calculate y(-17).
18
Let z(a) = -a**3 + 70*a**2 - 1226*a - 25. Give z(34).
-93
Let h(w) = -27*w**2 + 305*